?
False
Let w be (-15)/(-1 + -4) - 1. Suppose -8 = -0*u - 4*u, 5*u + 370 = w*v. Is 10 a factor of v?
True
Suppose -4699 = -4*r + j - 4*j, 5830 = 5*r - 5*j. Is r a multiple of 19?
False
Let o be 30/5 + 2*-1. Suppose 0 = o*b - 2*b. Does 24 divide -3 - -72 - (-4 - b)?
False
Let q(d) = -11*d + 29. Let u(n) = 5*n - 14. Let f(r) = 6*q(r) + 13*u(r). Let o be f(-4). Let c(z) = z**2 + 2*z + 2. Is c(o) a multiple of 5?
True
Let b(g) = -8*g - 11. Let l(s) = -17*s - 21. Let r(d) = -7*b(d) + 4*l(d). Is 4 a factor of r(-3)?
False
Let h be ((-3 + -4)/(-21))/(1/(-6)). Let v = 100 - 165. Is 14 a factor of (26/v)/(h/145)?
False
Suppose -491 = -4*l - 0*l + h, -h + 616 = 5*l. Is 3 a factor of l?
True
Let o(r) = 6 + 4*r**2 + 3 - 4*r + 3*r - 9*r. Let i be o(8). Suppose 3*h = 4*d - 2*h - i, 5*h + 105 = 2*d. Is 20 a factor of d?
True
Let l = 305 + -91. Is l a multiple of 24?
False
Let v = -5 + 5. Suppose -t + 10 + 8 = v. Let w = t - 8. Is w a multiple of 3?
False
Let j = 85 + -121. Does 15 divide 3/(-4) + (-1683)/j?
False
Suppose 3*s + 3*x = 5013, 6*x + 5130 = 3*s + 72. Does 4 divide s?
True
Let h(y) = -2*y**2 + 2*y + 5. Let d be h(0). Suppose 4*i = c - 0*c - 152, -703 = -d*c + i. Is 12 a factor of c?
False
Let h be (-1)/4 - (-158)/(-8). Let i = -18 - h. Is i - 2 - 195/(-3) a multiple of 13?
True
Suppose 4*n - 4*o = 44, 7*n - 4*n + 4*o = 12. Let a be (7/2 - 3)*n. Suppose -a*b + 193 = 5*q, -5*q - 85 = -5*b + 190. Is b a multiple of 13?
True
Suppose -2*q = 15*q - 102. Let n(o) = -4*o - 11 + 14*o + 3. Does 17 divide n(q)?
False
Let o(g) = -g + 44. Does 27 divide o(-37)?
True
Let z = 565 + -350. Is 15 a factor of z?
False
Let h(v) = 3*v + 55. Let z be h(-17). Suppose 5*g = -z*j + 200, -j + 3*g + 50 = -2*g. Is j a multiple of 5?
True
Is 4 a factor of ((-2)/6)/(148/(-198912))?
True
Let w(m) = -2*m**3 - 6*m**2 + m - 1. Let c be w(-3). Suppose r + 0*r - 442 = 0. Does 5 divide (6/c)/((-51)/r)?
False
Suppose -16*i + 15*i - 4*h = -349, 5 = -h. Does 17 divide i?
False
Let p = -21 - -41. Suppose -4*u - 1 = -41. Suppose -o = -u - p. Does 10 divide o?
True
Let v(g) = -2*g + 7. Let w be v(10). Let t be -22 + 4/(-6)*3. Let o = w - t. Does 2 divide o?
False
Let x(z) = -7*z**3 + 15*z**2 - 14*z + 8. Does 134 divide x(-6)?
True
Let c(g) = -g**2 - 8*g + 3. Let k be c(-6). Let z be 54/k*(-10)/(-6). Does 6 divide (36/(-8))/(z/(-32))?
True
Let k(o) = 4*o**2 + 6*o - 8. Let h(b) = b**3 + 10*b**2 + b + 3. Let u be h(-10). Let g be k(u). Let c = 233 - g. Is c a multiple of 29?
True
Let a = -196 - -371. Is a a multiple of 45?
False
Let r(x) = -184*x - 4. Suppose 3*b + 7 = p, -11 = -b - p - 2*p. Does 30 divide r(b)?
True
Let f be (-6)/(-1) + (-20 - -23). Does 22 divide (f/6)/(6/704)?
True
Is (27936/(-84))/(-4)*35 a multiple of 67?
False
Suppose -5*a - 4926 = -11*a. Does 19 divide a?
False
Let x(o) = 301*o - 291. Does 93 divide x(9)?
True
Suppose -v - 7*z + 3*z = -389, 5*z - 793 = -2*v. Is 46 a factor of v?
False
Suppose -5*c + 2*i + 18273 = 0, -3*i - 275 = -278. Does 69 divide c?
False
Let z be 0/3 + (1 - -227). Suppose o + 47 = 427. Suppose 5*i = -3*n + z, 5*n + 7*i - 4*i = o. Does 22 divide n?
False
Let k(i) = -i**3 + 7*i**2 + 5*i - 1. Let f be k(5). Suppose -c = -f + 8. Does 33 divide c?
True
Suppose 255*z + 60 = 259*z. Is z a multiple of 5?
True
Let n be ((-156)/(-15) + -5)*5. Let d = 18 + -25. Let g = d + n. Is g a multiple of 10?
True
Suppose 11840 = -15*r + 37490. Does 15 divide r?
True
Let f(w) = 188*w + 95. Is f(8) a multiple of 84?
False
Let q(l) = -50*l + 14. Let g be q(-8). Let r = -247 + g. Let h = r + -118. Is 15 a factor of h?
False
Let c = 8 - 2. Suppose -34 = c*h - 4*h. Let f = h - -31. Is 3 a factor of f?
False
Let d(b) = -b**2 - 5*b + 4. Let r be d(-4). Suppose 1644 = r*g + 476. Is g a multiple of 21?
False
Suppose 5*k + 20 = 4*k - 5*f, 5*f - 70 = 2*k. Let c = -14 - k. Does 8 divide c?
True
Suppose 4*d - 4*k - 21 = 191, -d + 2*k + 55 = 0. Is 17 a factor of d?
True
Suppose 19*k + 19*k - 28576 = 0. Is 94 a factor of k?
True
Let w(g) = 179*g + 7. Is 45 a factor of w(7)?
True
Suppose -6 - 3 = -3*r. Suppose 12 = -r*b + b. Let c(n) = n**3 + 7*n**2 + 3*n + 2. Does 10 divide c(b)?
True
Suppose 4*l + 74 = 3*t, t - 5*t = 3*l - 82. Let j(v) = 2*v**2 - 5*v - 3. Let x be j(4). Suppose 159 = 5*q + 5*u + x, 3*u - t = -q. Is 12 a factor of q?
False
Suppose m - 2*m + 5 = 4*f, 4*f = m - 5. Suppose -4*w + 155 = 5*h, -2*w - h - 29 + 102 = f. Does 13 divide w?
False
Suppose -4*i + 8*k + 3902 = 3*k, 4*k + 3900 = 4*i. Does 21 divide i?
False
Let t be ((0 - -3) + 7)/2. Suppose -i + 14 = -2*j, -2*i + t*j = -4*i + 10. Is i a multiple of 4?
False
Let h(b) = -b**2 - 8*b - 4. Let l be 18/45 + 37/(-5). Let g be h(l). Suppose 23 = g*k + m, -5*k - 4 + 39 = m. Is 2 a factor of k?
True
Let r(k) = k**2 + 11*k - 17. Let t be r(-11). Let b = 16 + t. Is 28 a factor of -3 + 31 + 2 + b?
False
Suppose 0*b - 40 = -5*b. Let j(k) = k**2 - 5*k - 5. Is j(b) a multiple of 9?
False
Suppose -100 = -3*f + 4*p, -8*p + 180 = 4*f - 4*p. Is 3 a factor of f?
False
Let s be (-2)/9 + (-80)/(-36). Does 3 divide (2 + -1)*s*17?
False
Is (616/110 + 0 + 1)*15 a multiple of 9?
True
Let u be -2 + (-70)/(-2) - 6/(-2). Let a = 52 - u. Is a a multiple of 4?
True
Let r(n) = -n**3 + 22*n**2 + 36*n - 49. Does 12 divide r(23)?
False
Let s = -69 + 37. Is 5 a factor of (-24)/s + 293/4?
False
Let u be 5/(-3)*(-21)/7. Suppose u*o = 135 + 35. Is o a multiple of 17?
True
Let t = 23 - -13. Let f = 47 - t. Suppose f*k - 112 = 7*k. Is 14 a factor of k?
True
Suppose -4*w + w + 14 = x, 0 = 5*w - 3*x. Suppose -4 = -i + w*i. Let l(y) = -2*y**3 + 3*y**2 - 1. Does 8 divide l(i)?
False
Suppose 3*v + 27*j - 28*j - 2951 = 0, -25 = 5*j. Is v a multiple of 6?
False
Suppose 0 = 3*l + 2*l - 135. Suppose -4*k - 1470 = -2*k. Is 8 a factor of 4/(-18) - k/l?
False
Does 6 divide (585/468)/(2/2184)?
False
Does 3 divide (-6)/39 + (-628)/(-26)?
True
Let j(t) = t**3 - 8*t**2 - 30*t + 26. Is j(12) a multiple of 8?
False
Let c = 7218 - 4007. Is 19 a factor of c?
True
Suppose 0 = -3*b + v + 1901, -4*b + 5*b + v - 631 = 0. Suppose -5*k + r + 2*r = -639, r = 5*k - b. Does 18 divide k?
True
Let z = 323 + -103. Is z a multiple of 20?
True
Let o be (30/25)/((-2)/(-15)). Let h(r) = 4*r - 3. Let l(b) = -5*b + 4. Let x(y) = -2*h(y) - 3*l(y). Is x(o) a multiple of 19?
True
Let x = 942 - 851. Is x even?
False
Let v(g) = g**2 - 14. Suppose -5*d + 0*p + 53 = -2*p, 3*d + 3*p = 36. Is v(d) a multiple of 55?
False
Suppose 84 = 15*t - 8*t. Is 6 a factor of t?
True
Suppose d + 2*d + 4*o + 35 = 0, -5*d + 2*o - 41 = 0. Let q be 2/d - 3864/108. Let j = q - -72. Is 9 a factor of j?
True
Let l(v) = -v**3 - 5*v**2 + 2. Let q be l(-5). Is (-20 + 0/q)*-4 a multiple of 22?
False
Let z(c) = 342*c**2 - 12*c + 6. Let g(i) = i**2 + i. Let b(t) = 6*g(t) + z(t). Is b(1) a multiple of 18?
False
Let n be (-3)/(-15) - (-42)/15. Let o = n - -4. Suppose -o = -5*p + 148. Does 26 divide p?
False
Let n = -335 + 645. Is n a multiple of 12?
False
Let t(m) = m**3 - 2*m**2 + 3*m + 4. Let r be t(4). Suppose 33 = 3*i - r. Is 9 a factor of (-6)/i + (-1412)/(-36)?
False
Suppose 4*c - 3 = 17. Suppose -c - 11 = -4*f. Suppose 2*g - 3 + 57 = 4*h, 5*h - 74 = -f*g. Is h a multiple of 5?
False
Let m = -80 - -101. Suppose 15 = 4*k - 1. Suppose -k*f = 1 - m. Does 3 divide f?
False
Let k be (3 - 6)*1 - -1029. Does 27 divide (k/(-15))/6*(1 - 6)?
False
Suppose 22*d + 102 + 272 = 0. Let t(u) = -u**3 - 19*u**2 - 2*u - 10. Let y(a) = a**2 + a. Let j(z) = -t(z) - 2*y(z). Does 5 divide j(d)?
True
Let a = -14 + 17. Is (4/(-8))/(a/(-156)) a multiple of 7?
False
Let s be (-4 - 12/(-9))*-3. Is s*2 + (13 - 12) a multiple of 10?
False
Let a be (-4 + 3 + 1)/(-3). Let l = 10 + 20. Suppose v - l = -a*v. Is v a multiple of 15?
True
Let f(a) = -a**3 + 8*a**2 - 9*a + 12. Let p(b) = -b**2 - 8*b - 9. Let w be p(-5). Let i be f(w). Let j = 57 + i. Is j a multiple of 11?
False
Suppose 0 = 10*w + 23*w - 19602. Is 18 a factor of w?
True
Let a(k) = -148*k - 494. Is 94 a factor of a(-16)?
False
Let r(v) = -11 + 4*v**2 - 4*v**2 + 18*v + 2*v**2 - 13*v. Does 8 divide r(4)?
False
Let f(t) = 5*t + 11. Let s be f(14). Suppose -4*y + s = -y. Is 2/(-3) - (-1368)/y a multiple of 10?
True
Let g be (-8)/(-4)*54/3. Suppose 2*w = 0, 5*w - 2*w = -3*n - g. Is n/((-3)/(-15)*-